+ 102*a + 10. Let f(h) = -5*h**2 + 163*h + 15. Let z(b) = 5*f(b) - 8*g(b). What is z(10)?
-115
Let a(d) be the second derivative of -d - 5/2*d**2 - 172 - 5/6*d**3 - 1/12*d**4. What is a(-2)?
1
Let p(k) be the second derivative of -k**6/720 - k**5/40 - 55*k**4/12 - 4*k - 2. Let w(o) be the third derivative of p(o). Determine w(-2).
-1
Let w = 6 - 4. Suppose 2*c = -w*c. Let x(s) = 28 - 15*s - s**2 - 21*s - 5 - 4 + 37*s. Give x(c).
19
Suppose 2988 = 27*s + 56*s. Let l(k) = -6*k**2 + 213*k + 110. What is l(s)?
2
Let o = 41 - 29. Let a(s) be the first derivative of -s**4/4 + 13*s**3/3 - 6*s**2 - 5*s + 135. Calculate a(o).
-5
Let n be (-16)/52 - 80/(-260). Let v(d) = 2*d**2 - 2*d - 87. Give v(n).
-87
Let o(t) = -2*t + 1. Let b = 121 - 116. Let p(d) = 11*d - 2. Let x(k) = b*o(k) + p(k). Calculate x(5).
8
Suppose -5*w - 3*m = 12, 5*w + 277*m + 10 = 272*m. Let a(r) = -14*r - 11. What is a(w)?
31
Suppose 11*z - 20 = 6*z. Suppose -z*g + 4 + 4 = 0. Let p(v) = -2*v + v - 2 + 0*v - v. Calculate p(g).
-6
Suppose 0 = -5*x - 5*p + 6*p + 445, 370 = 4*x + 2*p. Let a be x/23 + 2/46*2. Let v(j) = -j**2 + 3*j**2 + 6*j - 4 - 3*j**2. Calculate v(a).
4
Let c(f) = -34*f + 752. Let l(d) = 1. Let b(m) = c(m) + 2*l(m). Give b(22).
6
Let d be -44 + 2 + 0 - 1. Let t = 45 + d. Let k(p) = -t*p + 0 + 2*p - p + 2. Determine k(-2).
4
Let h(a) be the first derivative of a**6/120 - a**5/12 + 5*a**4/24 + 2*a**3/3 + a**2/2 - 2*a + 193. Let v(x) be the second derivative of h(x). What is v(4)?
8
Suppose -m + 2*q = -1, 3*q + q = 8. Let a(d) be the second derivative of 5*d**3/6 - 17*d**2/2 + 6*d + 16. Calculate a(m).
8
Let y be (598/52)/(1/2). Let j(v) = -12 - v**2 + 0*v - y + 14 - 15*v. What is j(-14)?
-7
Let c(t) = t**3 - 6*t**2 - 9*t + 9. Let h be c(7). Let q = -8 - h. Let j be (q/(-8))/(3/24). Let a(g) = g**3 - 3*g - 1. What is a(j)?
17
Let n = -85 - -92. Suppose -n*c - y + 100 = -6*c, 304 = 3*c - y. Let z = c + -106. Let d(w) = w - 6. Determine d(z).
-11
Let v(x) be the second derivative of -1/12*x**4 - 40*x - 9/2*x**2 + 0 + 5/3*x**3. Suppose 2*y - y - 32 = -4*t, -t + 23 = 4*y. Calculate v(t).
12
Let g(t) = -t**3 - 10*t**2 - 3*t + 8. Let h(b) = 5*b**3 + 77*b**2 - 40*b + 122. Let x be h(-16). Calculate g(x).
-118
Let m(t) be the third derivative of t**5/60 - 5*t**4/24 - 17*t**3/6 + 282*t**2. What is m(7)?
-3
Let o(b) = 2*b**3 + 14*b**2 + 3*b - 64. Let k be o(-6). Let q(z) = -26 + 2*z + 23 - z + 15. What is q(k)?
2
Let o(z) = -17*z**3 - 4*z**2 + 55*z - 31. Let u(r) = -7*r**3 - r**2 + 24*r - 16. Let a(c) = 2*o(c) - 5*u(c). Calculate a(-3).
-6
Suppose 3*k = -3*j + 18, -6 = -0*k - 2*k. Let m(v) = 2*v**3 - 3*v**2 + v. Calculate m(j).
30
Let l(u) = -180*u - u**3 + 166*u - 333 + 345 - 16*u**2. Determine l(-15).
-3
Let i(x) = 4*x - 6. Let w be i(6). Suppose 0 = 4*l + 6 - w. Let t(u) = 5*u - 3 + l*u - 5*u. What is t(4)?
9
Let n(s) be the second derivative of -5*s**4/12 - 130*s**3/3 - 5*s**2/2 + 4616*s. Give n(-52).
-5
Let z(c) = 5*c + 4. Let b(r) = r + 1. Let i(h) = 9*b(h) - 2*z(h). Let d(g) = 3*g - 17. Let l be d(7). Suppose -2*f + a = -2*a + 5, -f + l*a = 15. Give i(f).
-4
Suppose -5*d + 0 = -15. Let o(f) = 4 - d + 2*f + 6 - 3. Calculate o(-4).
-4
Let a = -19565/6 - -3262. Let d(q) be the second derivative of -a*q**3 + q**2 + 38*q + 0. Give d(2).
-12
Let n(g) = 9*g + 1913*g**2 - 3 - 1914*g**2 + 24 + 14. Give n(11).
13
Let u(m) = -83*m**2 - 72*m - 133. Let o(v) = -31*v**2 - 25*v - 44. Let c(t) = -8*o(t) + 3*u(t). Give c(-5).
8
Let m(z) be the first derivative of z**7/840 - z**6/360 - z**5/60 - z**4/3 - 16*z**3/3 - 81. Let b(s) be the third derivative of m(s). Determine b(0).
-8
Let m(u) be the second derivative of -53*u + 7/2*u**2 + 1/2*u**4 - 5/6*u**3 - 1/20*u**5 - 4. Determine m(6).
-23
Let u(v) = -v**3 - 11*v**2 + 2*v - 12. Let n = 19 + 29. Suppose -21*z - n = -17*z - 2*j, -5*j = 4*z + 34. Determine u(z).
-34
Let u = -181 - -194. Let m(t) = -t**2 - 2*t - u - 2*t + 5*t. Give m(0).
-13
Let p = -28 - -26. Let g(z) = -8*z + 30. Let w(h) = 12*h - 45. Let o(d) = 8*g(d) + 5*w(d). Let v(r) = r - 5. Let s(y) = p*o(y) - 7*v(y). Calculate s(-3).
2
Let p(j) = j**3 - 6*j**2 + 2*j - 1. Let u(h) = h**2 - 50*h + 30*h - 43 + 148. Let z be u(9). Determine p(z).
11
Let m(o) be the second derivative of o**4/6 - o**3/6 - o**2/2 + 2*o. Suppose 15*p = -4*p. Suppose -2*w - 5*y + 3*y + 6 = 0, p = 3*w + 4*y - 13. Calculate m(w).
2
Let g(n) = -n**3 - 5*n**2 + 6*n + 4. Let l(t) = -8*t**2 + 233*t - 34. Let q be l(29). Calculate g(q).
-26
Let i = 10 - 7. Let b = -12 - -16. Let t(p) = -p**3 + 1 + b*p**2 + 0 - 17*p + 13*p + 0*p**2. Determine t(i).
-2
Let j(r) be the first derivative of r**2/2 + 2*r + 17333. Suppose 0 = -q + 4*i + 4 + 1, 0 = -i - 2. Give j(q).
-1
Suppose -7*o + 21 = 7. Suppose 4*t - 20 = g, -2*g + 13 = 3*t - o. Suppose -2*w + 7*w = t. Let r(l) = 5*l - 1. Calculate r(w).
4
Let h(x) be the second derivative of -1/12*x**4 + 2*x + 0 + 0*x**2 - 1/20*x**5 + 1/6*x**3. Let s be 1/(-4) - 9*((-140)/(-16) - 9). Calculate h(s).
-10
Let w(d) = -12*d + 4*d**2 - 5*d**2 + 8 + 2*d**2. Let b = -96167 + 96178. Determine w(b).
-3
Let r(l) = 1728 - l + 2*l - 1712. Determine r(-16).
0
Let b(d) = d**3 - 2*d**2 - d. Let g(l) = 28*l**2 - 27*l - 9. Let u(f) = -13*f**2 + 13*f + 4. Let n(p) = 6*g(p) + 13*u(p). Let w be n(6). What is b(w)?
28
Let g(x) be the first derivative of 2*x**3/3 - 27*x**2 + 65*x + 3683. What is g(26)?
13
Suppose -3*f = 4*h + f - 24, -2*h = -f + 3. Let o(k) be the second derivative of 6*k**5/5 + k**3/3 - k**2/2 + 804*k. Give o(h).
25
Let f be (45/180)/(2/(-152)). Let z(r) = r**3 + 19*r**2 + 10. Determine z(f).
10
Let u(g) = -14*g + 17. Let z(s) = 12*s - 2*s + 13 - 25 - 4. Let y(d) = 2*u(d) + 3*z(d). Give y(4).
-6
Let u be 0 - (-1 + 3)/((63/(-90))/7). Let a(l) = 2*l + 8. Give a(u).
48
Let a(d) = -5. Let z(r) = -r - 18. Suppose -7 + 5 = 5*w + 4*x, -2*x = 3*w + 2. Let b(y) = w*a(y) + z(y). Determine b(-4).
-4
Suppose -15*t - 1840 = -250. Let r = 104 + t. Let v(f) = 5*f - 1. What is v(r)?
-11
Let s be 519 + (6 - (13 + -1)). Let l(v) = s - 515 - 9*v + v**2 + 2*v. Give l(7).
-2
Let q(w) be the third derivative of w**4/12 + w**3/6 + 402*w**2. Let l = 4 - 4. Suppose l = -3*m - a + 6, -3 = 2*m + 2*a + a. Give q(m).
7
Let b(c) = c + 23 - 8 - 7 - 9. Let a(p) = p**2 - 1. Let n(l) = -a(l) - 3*b(l). Let h = -14 + 9. Give n(h).
-6
Let n(o) be the third derivative of o**6/120 + 2*o**5/15 - o**4/2 - o**3/2 + 3*o**2 - 194*o. Let t = -41 - -32. What is n(t)?
24
Let p(g) = -g**2 + 300*g - 3179. Let x be p(11). Let m(q) = -12*q**3 + q + 11*q**3 - q**2 + 0*q**2 + 9. Determine m(x).
9
Let u(v) = -8*v - 3. Let x(d) = 4*d - 48. Let p be x(14). Suppose -6*q + j + 12 = -p*q, 0 = 4*j + 16. Calculate u(q).
29
Let d = -471 - -461. Let i(y) = y**2 + 11*y + 14. Determine i(d).
4
Let w(d) be the second derivative of -d**4/12 + 2*d**3 - 9*d**2/2 - 256*d. Calculate w(11).
2
Let a(d) = -14*d - 6. Let o be a(-13). Let v be (-2)/3 + o/48. Suppose -5*i = s - 11, 5*i = s - 4*s + v. Let y(t) = -t**3 + 3*t**2 - 2*t + 4. Determine y(i).
-2
Suppose 3*x - 4*x = 4*a + 42, -2*x = -5*a - 59. Let b(f) be the second derivative of f**3/6 + 15*f**2/2 - 64*f + 67. Give b(a).
4
Let k(n) be the second derivative of -23*n**2 - 34*n**2 + n**3 - 39*n + 52*n**2. Calculate k(3).
8
Let z(s) be the second derivative of -s**4/12 + s**3/6 - s**2/2 + 5*s. Let y be 11/(-22)*(-4)/(-2). Determine z(y).
-3
Let c(o) be the third derivative of o**6/40 - o**5/30 - o**4/12 - o**3/6 + 5*o**2. Let d = -183 - -170. Let v be (144/66 - 2) + d/11. What is c(v)?
-4
Suppose 12*l + 132 = 420. Let q(w) = -w + 7*w**2 - l*w**2 + 14*w**2. Determine q(-1).
-2
Let t(z) be the second derivative of z**4/12 - z**3/2 - 6*z**2 + z. Suppose 0 = -124*c + 17*c + 313 + 329. Calculate t(c).
6
Let n(s) = -7*s - 24. Let a be 288/(-2880) + (-138)/20. Calculate n(a).
25
Let q(k) be the third derivative of k**4/8 - k**3/3 - 1191*k**2. Give q(5).
13
Suppose 0 = 3*r + 14 - 17. Let g(k) be the second derivative of -5*k**3/3 + k**2/2 + 25*k. What is g(r)?
-9
Let u(s) = 210 - 30*s - 515 - 2*s**2 + 208. Calculate u(-4).
-9
Let n(q) = q**3 + 10537 + q**2 + q**2 - 10542 + 2*q**2 + 0*q**3 - 6*q. Determine n(-5).
0
Let l be (0 + -2 - -4)/1 + -23. Let r be (1 + -1 - (l - -17)) + 4. Let n(v) be the first derivative 